3 + -1?
116502
In base 9, what is 4 - -522?
526
In base 12, what is -36aa4 - 23?
-36b07
In base 9, what is 17707 - 1?
17706
In base 4, what is 113123321 - -21?
113130002
In base 2, what is 10111 + -10100010111?
-10100000000
In base 6, what is 11 + -140143?
-140132
In base 12, what is 1762 - 4?
175a
In base 13, what is 348 - 24?
324
In base 8, what is 114732 - 2?
114730
In base 8, what is 1411605 + -2?
1411603
In base 3, what is -1121001201 - -10?
-1121001121
In base 2, what is 11 + 10111111011011110?
10111111011100001
In base 6, what is -43412 - -135?
-43233
In base 11, what is -1739 + -32?
-1770
In base 5, what is -1130112230 - 10?
-1130112240
In base 13, what is -9 + a28?
a1c
In base 9, what is 5 + -20256?
-20251
In base 13, what is -2c - -321?
2c2
In base 6, what is -23105420 + 5?
-23105411
In base 15, what is -6963 + -1?
-6964
In base 14, what is -193 - -1403?
1250
In base 8, what is -64624 - 10?
-64634
In base 6, what is 4 + 235445?
235453
In base 14, what is 114da - 5?
114d5
In base 5, what is 4140210200 + -2?
4140210143
In base 4, what is -22 + -303330?
-310012
In base 3, what is 12 - -10102120?
10102202
In base 7, what is 25134025 - 4?
25134021
In base 3, what is 1221 + -11211112?
-11202121
In base 8, what is -3 + 3040702?
3040677
In base 12, what is 2 - -6522?
6524
In base 4, what is -232 - -20000?
13102
In base 3, what is 12 - 1120021210?
-1120021121
In base 13, what is 3b00 - 29?
3aa4
In base 8, what is -3 - 651645?
-651650
In base 13, what is -3 - 8555?
-8558
In base 16, what is -2 - 3fde?
-3fe0
In base 9, what is 1101267 + 0?
1101267
In base 8, what is 3 + -1171?
-1166
In base 11, what is 66 - -107a7?
10862
In base 11, what is 1a8 + a55?
1152
In base 4, what is 21302311 - 10?
21302301
In base 14, what is 3596 - 1?
3595
In base 8, what is 1516 + -34?
1462
In base 15, what is -64a0 - -4?
-649b
In base 4, what is 233330 + -23203?
210121
In base 15, what is -2e + 1cb?
19c
In base 5, what is 141 + -1000033?
-444342
In base 4, what is 10111211 + 2123?
10120000
In base 4, what is -1121232 - 10?
-1121302
In base 15, what is -1c - -ab57?
ab3a
In base 14, what is -4 + 15d8a?
15d86
In base 8, what is -24325 + 433?
-23672
In base 12, what is 606 - b?
5b7
In base 3, what is 10100110010202 - 11?
10100110010121
In base 8, what is 5 + 17267?
17274
In base 9, what is -17 + 61306?
61278
In base 13, what is 581 - 11?
570
In base 5, what is 234 - -12301?
13040
In base 4, what is -2 - 2233001?
-2233003
In base 9, what is -22421 - -48?
-22362
In base 6, what is -133142 + -5?
-133151
In base 3, what is 21220000 + 112?
21220112
In base 4, what is 3200223 + 0?
3200223
In base 8, what is -4 + -105010?
-105014
In base 5, what is 1124 - -341034?
342213
In base 11, what is -535504 - -2?
-535502
In base 10, what is -9 - -28351?
28342
In base 11, what is 280a6 + 3?
280a9
In base 4, what is 3000002 + 2?
3000010
In base 3, what is -221222120 + -11?
-221222201
In base 14, what is -13 - -54bd?
54aa
In base 15, what is -19ba - -2a?
-1990
In base 7, what is -5145 + 16?
-5126
In base 9, what is -8552 + 27?
-8524
In base 12, what is -8 - -196b6?
196aa
In base 16, what is 2e4f9 - -2?
2e4fb
In base 3, what is 1200210 + 102?
1201012
In base 4, what is 11 - 102233300?
-102233223
In base 3, what is -1011 - -2002001110?
2002000022
In base 8, what is 3 - 134216?
-134213
In base 8, what is -630 + 2367?
1537
In base 14, what is 1 - -9d33?
9d34
In base 12, what is -a61 - -379?
-6a4
In base 14, what is 19 - 555?
-53a
In base 15, what is 4dca7 - -3?
4dcaa
In base 7, what is -1125 - -3244?
2116
In base 4, what is 1310 + -103210?
-101300
In base 2, what is 100 - 10001010111100100?
-10001010111100000
In base 7, what is 643116 + 4?
643123
In base 6, what is -12 + 102041?
102025
In base 11, what is 0 - -a956?
a956
In base 7, what is 552140 - 24?
552113
In base 6, what is 315 + -413002?
-412243
In base 15, what is 32 + 63?
95
In base 4, what is 323033 + -20?
323013
In base 12, what is -66ab92 - 3?
-66ab95
In base 4, what is 3131002102 - -2?
3131002110
In base 12, what is -126 + -5766?
-5890
In base 15, what is -4b5 - -4c?
-468
In base 11, what is -257 + 48?
-20a
In base 3, what is 2102112 + -2?
2102110
In base 12, what is 2 - a32?
-a30
In base 2, what is 10 + -1000011010000101111?
-1000011010000101101
In base 13, what is 5c96c4 - 5?
5c96bc
In base 11, what is -15 + -3526?
-3540
In base 3, what is -12202 + -21201121?
-21221100
In base 15, what is -a01e4 + -c?
-a0201
In base 2, what is 1010011100110 + 1001011?
1010100110001
In base 11, what is 7438a + -3?
74387
In base 11, what is 2496 + 68?
2553
In base 2, what is -101110 + -1001011110?
-1010001100
In base 15, what is 748c + 45?
74d2
In base 12, what is -12 + -3667?
-3679
In base 4, what is 3 - -332110201?
332110210
In base 7, what is 30 + 304161?
304221
In base 12, what is 77 - b2?
-37
In base 8, what is 4 + 452322?
452326
In base 15, what is 320 + -21?
2ee
In base 7, what is 440641 + -4?
440634
In base 5, what is 30 + -1133144?
-1133114
In base 14, what is 2 - -53c10?
53c12
In base 6, what is 4500 - -400?
5300
In base 5, what is 13330032 + 4?
13330041
In base 7, what is -11 - 156166?
-156210
In base 12, what is -238b3 - -3?
-238b0
In base 8, what is 332 - 40213?
-37661
In base 5, what is -11032 - 3133?
-14220
In base 8, what is 20430 + 11?
20441
In base 2, what is 1010 + -10001110000101001?
-10001110000011111
In base 16, what is -2b06 + -6c?
-2b72
In base 9, what is -4423 - 31?
-4454
In base 5, what is 2 + -243021112?
-243021110
In base 3, what is -11 - 111102211?
-111102222
In base 16, what is -85 - 1ea?
-26f
In base 11, what is 463 + -58?
406
In base 14, what is -d + 1653?
1644
In base 5, what is 1042434133 - 2?
1042434131
In base 11, what is 605 - -459?
a63
In base 4, what is -33133221 - 31?
-33133312
In base 6, what is 413355 + 40?
413435
In base 14, what is -32c6 + 4?
-32c2
In base 10, what is -2 - -828?
826
In base 11, what is 2 + 91132?
91134
In base 13, what is -90 - bc2?
-c82
In base 10, what is 5 + -517?
-512
In base 14, what is -93d + 3?
-93a
In base 3, what is 1000000 - 2?
222221
In base 8, what is 2 + 34700?
34702
In base 13, what is 4a009 - 1?
4a008
In base 6, what is 5503 - -22?
5525
In base 14, what is 1 + -a4a9?
-a4a8
In base 8, what is 15076647 + -1?
15076646
In base 10, what is 2 + 1661?
1663
In base 3, what is 100 - 11211210202?
-11211210102
In base 12, what is 172 - 54?
11a
In base 13, what is 36 + -29b5b?
-29b25
In base 5, what is -403 - 1333141?
-1334044
In base 6, what is -13522405 - -2?
-13522403
In base 8, what is 4746 - -15?
4763
In base 14, what is 14d0 + -84?
144a
In base 3, what is 10 + 200020020211?
200020020221
In base 10, what is -119 + 29167?
29048
In base 12, what is -1 - -a358?
a357
In base 11, what is -222 + 13939?
13717
In base 13, what is b8 + -6b?
4a
In base 6, what is 2052 - -2100?
4152
In base 2, what is -11100100000110 + 111?
-11100011111111
In base 2, what is 10 + 11101111010001101?
11101111010001111
In base 15, what is -32 - -d2e?
cec
In base 7, what is 2542 + -2251?
261
In base 16, what is -62 + 7?
-5b
In base 14, what is 4 + -6828a?
-68286
In base 6, what is 5523 + 140?
10103
In base 8, what is 0 - 40303?
-40303
In base 5, what is -10302 - 3014?
-13321
In base 8, what is 7 - -1763?
1772
In base 9, what is 1 - -23501?
23502
In base 4, what is -1010213 - 12?
-1010231
In base 11, what is 2 + 9a2?
9a4
In base 9, what is -104 - -4362?
4257
In base 11, what is -4 + 9698?
9694
In base 14, what is 5301 + 5?
5306
In base 8, what is 7256 - 3326?
3730
In base 5, what is 112410 + -1104?
111301
In base 11, what is -32a43 + 4?
-32a3a
In base 8, what is -5 - -313567?
313562
In base 9, what is -10 - 270?
-280
In base 2, what is 1000 - -1100011011110110101?
1100011011110111101
In base 12, what is 59049 - 6?
59043
In base 13, what is -2218 - -116?
-2102
In base 14, what is -5 - 12da4?
-12da9
In base 7, what is 10155 + 540?
11025
In base 5, what is -11 - -22221?
22210
In base 9, what is 127 - 46?
71
In base 6, what is -3145 + 124?
-3021
In base 13, what is 26 - 11438?
-11412
In base 11, what is 2 - -34427?
34429
In base 15, what is -2 - -2212d?
2212b
In base 11, what is 1677965 + -5?
1677960
In base 2, what is -10111010100110 - 11110?
-10111011000100
In base 14, what is 2 + 1a21d1?
1a21d3
In base 14, wh